What is the units digit of i(w)?
8
Suppose 0 = -3*m + p + 284, 5*m + 3*p = 2*m + 264. Let c = 1 - -51. Let o = m - c. What is the units digit of o?
1
Suppose 2*u - 10 = -3*u, 4 = x + u. Suppose 4*g + 3*s = 3*g + 12, -3*g + 4*s = -75. Suppose x*k = 3*k - g. What is the tens digit of k?
2
Let y(x) = 33*x**2 + 2*x - 3. Let c be y(1). Suppose -4*m = -5*h + 101, 5*m + 122 = -0*m + 2*h. Let v = c + m. What is the units digit of v?
8
Suppose -6511 = -6*l + 23777. What is the tens digit of l?
4
Suppose -117*n + 125*n - 4592 = 0. What is the units digit of n?
4
Let k(n) = n**3 + n - 2. Let b = -69 - -74. What is the units digit of k(b)?
8
Let j be -2 + (-5)/(-1) + 27. Let f be (-3)/(j/(-21) - -1). Let o(p) = 3*p - 14. What is the units digit of o(f)?
7
Let p be 4/(-8)*-10*81. Suppose 69 - p = -2*a. Suppose -3*c + 3*u + 81 = 0, -5*u + a = 5*c + 23. What is the units digit of c?
8
Let f(c) = c**3 - 2*c - 3. Let m(g) = -g - 1. Let x(a) = 2*f(a) - 5*m(a). Let b be x(1). Suppose -i + 15 = b*i. What is the units digit of i?
5
Let o(c) = -3*c - 22. Let a be o(-8). What is the units digit of (-1 + -3)/(a/(-24))?
8
Suppose -17*x + 7720 + 1035 = 0. What is the tens digit of x?
1
Let p be 2/3*(14 + 4). Let c = p - 6. Suppose 2*g - c - 10 = -2*h, 26 = 2*h + 4*g. What is the units digit of h?
3
Suppose 64*v - 70*v + 1728 = 0. What is the hundreds digit of v?
2
Suppose 8*s = 4 + 36. Suppose 0 = -3*f + 5*v + 318, 4*f - 167 - 257 = s*v. What is the units digit of f?
6
Suppose -c - 8 = 2*v, -2*c = -0*c + 2*v + 6. Let m be c - -1 - (1 - 1). Suppose -8*y = -m*y - 15. What is the units digit of y?
3
Suppose 4*b + 64 = -2*p, -4*b = 2*p - 4*p + 64. Let l = b - -36. Suppose -z = z - 2*n + 2, 2*n = -4*z + l. What is the units digit of z?
3
Let h be 13/(-2) - 7/(-14). Let b be (-1 + -2)*4/h. Suppose 0 = n + b*n, 5*n = -5*o + 130. What is the units digit of o?
6
Let w(z) = 54*z + 4. What is the units digit of w(9)?
0
Suppose 4*s - n + 259 = 2*n, 0 = 5*s + 5*n + 315. Let z = s + 146. What is the units digit of z?
2
Let u = -266 - -425. What is the tens digit of u?
5
What is the tens digit of ((-168)/140)/(3/(-220))?
8
Suppose -4*a - 2*l + 198 = 0, a - 5*l - 10 - 34 = 0. Let i = a - 20. What is the units digit of i?
9
Suppose 1 = m, -3*r + 127 = 4*m - 24. Let i(n) = -3*n**2 + 6*n - 4. Let p be i(4). Let j = r + p. What is the tens digit of j?
2
Let z(m) = m + 7*m**2 - m. Let a(s) = s**3 - 4*s - 2. Let y be a(-1). What is the units digit of z(y)?
7
Suppose -4*v = 5*o - 119, 3*v - 141 = o - 28. What is the tens digit of (-10)/(-3)*v/2?
6
Suppose -5*p + 1 + 14 = 0. Let t be (-6)/p - -2*2. Suppose 38 = -t*d + 4*d. What is the tens digit of d?
1
Suppose -883 + 23 = -3*c - r, -5*r + 10 = 0. Let a = 407 - c. What is the units digit of a?
1
Let h = 17 + -17. Suppose 5*p + h*p - 615 = 0. What is the hundreds digit of p?
1
Let l = -3 - -6. Suppose l*x = -0*x. Suppose -4*z + 7*z - 45 = x. What is the tens digit of z?
1
Suppose 0 = 2*z - 2*t - 106 + 6, -4*z - t = -215. Suppose 4*k + z = 229. Suppose j - k = -3*j. What is the units digit of j?
1
Suppose 0 = -2*x + 2*v + 160, 2*x + v = -v + 144. Suppose n + 4*y - 44 - x = 0, -n + 88 = -4*y. What is the tens digit of n?
0
Suppose -3*j + 138 = 3*o - 132, -432 = -5*o + j. What is the units digit of o?
7
Let w(j) = -4*j + 2*j**3 + 8 + 8*j - 2 - 10 - 2*j**2. What is the hundreds digit of w(4)?
1
What is the tens digit of (-60)/9*(-25884)/48?
9
Let f(u) = -7*u - 1. Let z be f(-1). Suppose -z*l + 8*l - 8 = 0. Let i = l + -3. What is the units digit of i?
1
Suppose 18 = u + 4*o, -5*o + 2 - 103 = -2*u. Suppose -2*p + 62 + u = 4*t, -4*p = t - 11. What is the units digit of t?
7
Suppose 5*v + 3*c = 477, -5*v + c + 469 = 2*c. Let n(z) = -5*z**3 + 2*z**2 - 1. Let r be n(-1). Suppose -r*o = -3*o - v. What is the tens digit of o?
3
Suppose -44*d - 23078 = -55*d. What is the tens digit of d?
9
Suppose -3 = 3*n - 5*n - 3*p, -4*p + 4 = -n. Let o(k) = -5 - 2*k**2 - k**3 - 3*k**2 + 4*k + n*k**2 + 2. What is the units digit of o(-6)?
9
Suppose 2*f + x = 3*f - 843, -2*x - 2 = 0. What is the hundreds digit of f?
8
Suppose y - 1173 = -3*m + 645, 3037 = 5*m + 4*y. What is the tens digit of m?
0
Let l = -6 - -2. What is the tens digit of -4 + (14 - (2 + l))?
1
Let o(d) = 186*d + 33. What is the units digit of o(4)?
7
Suppose j = -j - 14. Let i(g) be the first derivative of -g**2/2 + 17*g - 18. What is the units digit of i(j)?
4
Suppose -5*y + 3*l = -y - 5147, 0 = -3*l + 9. What is the units digit of y?
9
Suppose 193 = 2*z - 5*j - 1409, -2*j = -z + 800. What is the tens digit of z?
9
Suppose -g - 4*v = 12, 2*v = -3*g - 3 - 3. Suppose g*a + 154 = 2*a. What is the units digit of a?
7
Let a(w) = 5*w**2 + 12*w - 1. Let u = 73 + -78. What is the tens digit of a(u)?
6
Let w(j) = 3 - 5*j + j + 1. Let h = 119 + -124. What is the units digit of w(h)?
4
Suppose -103*o + 90*o = -12480. What is the tens digit of o?
6
Suppose -37*g + 25976 = -20*g. What is the hundreds digit of g?
5
Suppose 5*g + 335 = -70. Suppose 3*z = 4*v - 80, 5*z + 103 = 3*v - 23. Let a = z - g. What is the tens digit of a?
5
Let z = 476 - 263. What is the hundreds digit of z?
2
Let f(g) = -32*g + 3. Let l be f(-5). Suppose -3*o = 3 - 12, l = 4*i + o. What is the units digit of i?
0
Suppose -c = -s - 13, -8*s + 3*s + 2*c = 65. Let j(l) = l**2 + 11*l - 18. What is the units digit of j(s)?
8
What is the thousands digit of 2156 + 2 - 12/(-42)*-7?
2
Let k(r) = 297*r**2 - 8*r - 16. What is the thousands digit of k(-3)?
2
Let q = 9 - 9. Suppose q = -7*g - g + 832. What is the tens digit of g?
0
Let z(o) be the second derivative of -3*o**3 - 51*o**2/2 + 15*o. What is the tens digit of z(-7)?
7
Let z = -6261 - -10947. What is the thousands digit of z?
4
Let f = -618 - -1189. What is the units digit of f?
1
Let h(w) = w**3 - 5*w**2 + w + 2. Let r be h(5). Let y be (0 + 300/14)*r. Suppose o = 5*s - 186, -s + 5*s - 2*o = y. What is the units digit of s?
7
Let o(t) = 2*t**2 + 45*t + 18. What is the hundreds digit of o(29)?
0
Let r be 4*(-3)/18*-24. Let b = r + 26. What is the tens digit of b?
4
Let k(d) = -142*d + 29. What is the hundreds digit of k(-3)?
4
Suppose 2*t + 22*o - 656 = 18*o, 2*t - 657 = -3*o. What is the hundreds digit of t?
3
Let p(v) = v**3 - 16*v**2 - 25*v - 4. Let q be p(18). Let z = -53 + q. What is the hundreds digit of z?
1
Let k be (0 - -29) + (3 - -2). Let h = -7 + k. What is the units digit of h?
7
Let s(r) = r**2 - 5*r + 44. What is the tens digit of s(34)?
3
Let j be 2/3 - (-70)/3. Suppose 30 = -6*v - 66. What is the units digit of (1*-3)/(j/v)?
2
Suppose -2*v + 1376 = 4*u, 2*v + 4 - 8 = 0. What is the hundreds digit of u?
3
Let x be 12/4 + 5 + -2 + -119. Let j = x + 168. What is the tens digit of j?
5
Suppose -55*r = -60148 - 100892. What is the tens digit of r?
2
Suppose 2*n = -3*k - 2230, 4*k + 2945 = 3*n - 0*n. What is the tens digit of (1*(-14)/(-35))/((-2)/k)?
4
What is the tens digit of 48*54*((-5)/(-4) + -1)?
4
Suppose 0*r + 6 = 2*r, -r + 25 = -y. Let b = 89 + y. What is the units digit of b?
7
Let j be (-71)/((-2 - 0)/2). Let g = 6 + j. What is the units digit of g?
7
Suppose -6*a + 3*a + 4*u = 985, 1623 = -5*a + 2*u. Let t = -198 - a. What is the hundreds digit of t?
1
Let l be 3/(-1 + 2) - 8. Let c be l/10*(-3 + -1). Suppose c*h + 5*k + 2 = 23, 4*h + 2*k = 66. What is the tens digit of h?
1
Let m(l) = 5*l**3 + 6*l**2 - 38*l - 12. What is the hundreds digit of m(5)?
5
Let k(f) = 127*f**3 + 3*f - 2. Let y = -14 + 15. Let p be k(y). Suppose 3*j - p = 4. What is the tens digit of j?
4
Suppose -5*t = -7*t - 4. What is the units digit of ((-28)/(-70))/(t/(-20))?
4
Let u be (-2 - -2)*3/6. Suppose u = -2*a - a + 258. Suppose -4*v + o + a = -89, -85 = -2*v + 3*o. What is the tens digit of v?
4
Let u be (-4)/((-12)/3) - -104. Suppose -2*o - f + u = -6*f, -f = 5. What is the tens digit of o?
4
Suppose -123*r - 13314 = -126*r. What is the thousands digit of r?
4
Let s be (-8)/((-96)/(-20))*(0 - 3). Suppose -s*t + 200 = -3*m, -2*m = -0*m + 10. What is the units digit of t?
7
Let g be ((-6)/(-4))/(-3)*0. Let v = g + 26. What is the units digit of v?
6
Let f(q) = -q + 17. Let g be f(20). Let r be 9/3 + g - 4. What is the tens digit of (-24)/4*46/r?
6
Suppose -10*l + 12655 = 4605. What is the tens